{"id":290,"date":"2026-03-31T11:12:32","date_gmt":"2026-03-31T11:12:32","guid":{"rendered":"https:\/\/eavicar.com\/tecnico-produccion-agroecologica-fp\/"},"modified":"2026-03-31T11:12:50","modified_gmt":"2026-03-31T11:12:50","slug":"tecnico-produccion-agroecologica","status":"publish","type":"page","link":"https:\/\/eavicar.com\/index.php\/tecnico-produccion-agroecologica\/","title":{"rendered":"T\u00e9cnico en Producci\u00f3n Agroecol\u00f3gica"},"content":{"rendered":"","protected":false},"excerpt":{"rendered":"","protected":false},"author":0,"featured_media":0,"parent":0,"menu_order":0,"comment_status":"closed","ping_status":"closed","template":"page-pae.php","meta":{"_et_pb_use_builder":"off","_et_pb_old_content":"","_et_gb_content_width":"","footnotes":""},"class_list":["post-290","page","type-page","status-publish","hentry"],"_links":{"self":[{"href":"https:\/\/eavicar.com\/index.php\/wp-json\/wp\/v2\/pages\/290","targetHints":{"allow":["GET"]}}],"collection":[{"href":"https:\/\/eavicar.com\/index.php\/wp-json\/wp\/v2\/pages"}],"about":[{"href":"https:\/\/eavicar.com\/index.php\/wp-json\/wp\/v2\/types\/page"}],"replies":[{"embeddable":true,"href":"https:\/\/eavicar.com\/index.php\/wp-json\/wp\/v2\/comments?post=290"}],"version-history":[{"count":1,"href":"https:\/\/eavicar.com\/index.php\/wp-json\/wp\/v2\/pages\/290\/revisions"}],"predecessor-version":[{"id":292,"href":"https:\/\/eavicar.com\/index.php\/wp-json\/wp\/v2\/pages\/290\/revisions\/292"}],"wp:attachment":[{"href":"https:\/\/eavicar.com\/index.php\/wp-json\/wp\/v2\/media?parent=290"}],"curies":[{"name":"wp","href":"https:\/\/api.w.org\/{rel}","templated":true}]}}